1876 is divided by 118?
106
What is the remainder when 133065 is divided by 133061?
4
Calculate the remainder when 140003 is divided by 11.
6
Calculate the remainder when 755789 is divided by 13.
8
What is the remainder when 4474 is divided by 252?
190
Calculate the remainder when 240073 is divided by 171.
160
Calculate the remainder when 84667 is divided by 217.
37
Calculate the remainder when 425 is divided by 384.
41
What is the remainder when 17261 is divided by 16423?
838
What is the remainder when 4180 is divided by 80?
20
What is the remainder when 372 is divided by 294?
78
What is the remainder when 206588 is divided by 384?
380
What is the remainder when 168010 is divided by 345?
340
Calculate the remainder when 33150 is divided by 152.
14
Calculate the remainder when 3507881 is divided by 867.
866
What is the remainder when 2711 is divided by 630?
191
What is the remainder when 35825 is divided by 11934?
23
What is the remainder when 90617 is divided by 30204?
5
What is the remainder when 424830 is divided by 69?
66
Calculate the remainder when 160663 is divided by 152.
151
What is the remainder when 2028 is divided by 465?
168
What is the remainder when 64766 is divided by 429?
416
What is the remainder when 13513 is divided by 843?
25
Calculate the remainder when 18311 is divided by 9098.
115
Calculate the remainder when 2055 is divided by 94.
81
Calculate the remainder when 30403 is divided by 168.
163
What is the remainder when 6219 is divided by 63?
45
Calculate the remainder when 2865 is divided by 2139.
726
What is the remainder when 2116 is divided by 1686?
430
Calculate the remainder when 8890 is divided by 682.
24
Calculate the remainder when 833847 is divided by 86.
77
Calculate the remainder when 595 is divided by 115.
20
Calculate the remainder when 618775 is divided by 197.
195
What is the remainder when 106308 is divided by 59?
49
What is the remainder when 1195110 is divided by 31?
29
Calculate the remainder when 1647 is divided by 819.
9
What is the remainder when 16870 is divided by 16859?
11
Calculate the remainder when 12848 is divided by 2136.
32
What is the remainder when 1226276 is divided by 233?
230
What is the remainder when 5641 is divided by 4919?
722
What is the remainder when 93754 is divided by 90?
64
Calculate the remainder when 31320 is divided by 543.
369
What is the remainder when 68603 is divided by 57?
32
Calculate the remainder when 5842 is divided by 5465.
377
Calculate the remainder when 9551 is divided by 70.
31
Calculate the remainder when 4797 is divided by 277.
88
Calculate the remainder when 119992 is divided by 59977.
38
Calculate the remainder when 40134 is divided by 311.
15
What is the remainder when 10658 is divided by 201?
5
What is the remainder when 4122 is divided by 125?
122
What is the remainder when 89996 is divided by 21?
11
What is the remainder when 18345 is divided by 139?
136
What is the remainder when 5149 is divided by 1146?
565
What is the remainder when 7056 is divided by 14?
0
Calculate the remainder when 38310 is divided by 387.
384
Calculate the remainder when 5090 is divided by 1074.
794
Calculate the remainder when 5908895 is divided by 16.
15
Calculate the remainder when 86695 is divided by 34.
29
Calculate the remainder when 436405 is divided by 43.
41
What is the remainder when 147593 is divided by 497?
481
What is the remainder when 16455 is divided by 5391?
282
What is the remainder when 48493 is divided by 24217?
59
What is the remainder when 6821 is divided by 66?
23
Calculate the remainder when 556800 is divided by 69599.
8
What is the remainder when 1938 is divided by 91?
27
What is the remainder when 4297487 is divided by 24?
23
What is the remainder when 22799 is divided by 163?
142
What is the remainder when 4433 is divided by 445?
428
What is the remainder when 4805 is divided by 49?
3
Calculate the remainder when 66103 is divided by 14.
9
What is the remainder when 14436 is divided by 190?
186
Calculate the remainder when 6056 is divided by 15.
11
Calculate the remainder when 86224 is divided by 17244.
4
Calculate the remainder when 20781 is divided by 43.
12
What is the remainder when 3010 is divided by 417?
91
What is the remainder when 355491 is divided by 35?
31
Calculate the remainder when 35496 is divided by 1012.
76
What is the remainder when 9160 is divided by 131?
121
Calculate the remainder when 19158 is divided by 63.
6
What is the remainder when 48818 is divided by 1951?
43
Calculate the remainder when 43537 is divided by 10879.
21
What is the remainder when 22645 is divided by 71?
67
What is the remainder when 6312 is divided by 698?
30
What is the remainder when 25848 is divided by 47?
45
What is the remainder when 299119 is divided by 63?
58
What is the remainder when 1756 is divided by 35?
6
What is the remainder when 1534 is divided by 805?
729
What is the remainder when 32774 is divided by 17?
15
Calculate the remainder when 2014 is divided by 635.
109
What is the remainder when 2305 is divided by 156?
121
What is the remainder when 3392 is divided by 496?
416
Calculate the remainder when 5460 is divided by 1462.
1074
Calculate the remainder when 184303 is divided by 13.
2
What is the remainder when 6998 is divided by 86?
32
What is the remainder when 20393 is divided by 216?
89
Calculate the remainder when 50213 is divided by 5.
3
Calculate the remainder when 2674438 is divided by 152.
150
Calculate the remainder when 12969 is divided by 120.
9
Calculate the remainder when 1693784 is divided by 74.
72
Calculate the remainder when 769022 is divided by 1196.
1190
Calculate the remainder when 17320 is divided by 5749.
73
What is the remainder when 67114 is divided by 22344?
82
Calculate the remainder when 2677 is divided by 388.
349
What is the remainder when 664877 is divided by 227?
221
Calculate the remainder when 2347 is divided by 958.
431
What is the remainder when 488 is divided by 85?
63
What is the remainder when 44940 is divided by 5614?
28
What is the remainder when 17708 is divided by 295?
8
Calculate the remainder when 5062 is divided by 421.
10
What is the remainder when 5966 is divided by 89?
3
What is the remainder when 1191 is divided by 43?
30
What is the remainder when 473 is divided by 417?
56
What is the remainder when 843 is divided by 23?
15
Calculate the remainder when 27855 is divided by 1213.
1169
Calculate the remainder when 164509 is divided by 2991.
4
Calculate the remainder when 7676631 is divided by 98.
95
What is the remainder when 2968 is divided by 294?
28
Calculate the remainder when 538 is divided by 265.
8
What is the remainder when 48372 is divided by 19?
17
Calculate the remainder when 116839 is divided by 84.
79
Calculate the remainder when 6153 is divided by 307.
13
What is the remainder when 21555 is divided by 468?
27
What is the remainder when 3814 is divided by 633?
16
Calculate the remainder when 6201 is divided by 365.
361
Calculate the remainder when 1232 is divided by 85.
42
Calculate the remainder when 4054 is divided by 1998.
58
What is the remainder when 29756 is divided by 15?
11
What is the remainder when 8982 is divided by 2991?
9
What is the remainder when 623348 is divided by 1918?
1916
Calculate the remainder when 19515 is divided by 9669.
177
What is the remainder when 31353 is divided by 31349?
4
Calculate the remainder when 6006 is divided by 25.
6
Calculate the remainder when 439795 is divided by 791.
790
Calculate the remainder when 3236 is divided by 321.
26
Calculate the remainder when 6668 is divided by 53.
43
Calculate the remainder when 8759 is divided by 41.
26
What is the remainder when 52853 is divided by 21?
17
Calculate the remainder when 296864 is divided by 2356.
8
What is the remainder when 774195 is divided by 278?
243
What is the remainder when 2506 is divided by 1187?
132
What is the remainder when 20319 is divided by 4061?
14
What is the remainder when 2769 is divided by 109?
44
What is the remainder when 49531 is divided by 337?
329
Calculate the remainder when 5681 is divided by 1471.
1268
Calculate the remainder when 3206 is divided by 69.
32
Calculate the remainder when 36673 is divided by 156.
13
What is the remainder when 466452 is divided by 33